 divisor of 99 and 34697124?
99
Calculate the greatest common divisor of 2421264 and 2211891.
2073
Calculate the greatest common factor of 13234 and 132262.
26
Calculate the highest common divisor of 385459 and 4148.
61
Calculate the greatest common factor of 217 and 1152456.
31
What is the greatest common factor of 253273667 and 323?
323
Calculate the highest common divisor of 5700 and 2369490.
570
Calculate the highest common divisor of 183025 and 1405.
5
What is the highest common divisor of 2741 and 16291?
1
What is the greatest common divisor of 4960 and 499255?
155
What is the highest common divisor of 21328929 and 564?
141
What is the greatest common divisor of 7052 and 8834393?
1763
What is the highest common factor of 11807 and 1039?
1
Calculate the highest common factor of 658 and 167063897.
329
What is the greatest common factor of 305215155 and 27?
27
What is the highest common factor of 285 and 3726565?
95
Calculate the greatest common divisor of 15335 and 570.
5
What is the greatest common divisor of 42420126 and 42?
42
Calculate the highest common factor of 3144 and 129312.
24
What is the greatest common divisor of 13 and 589418219?
13
What is the greatest common divisor of 2756412 and 1368?
36
Calculate the highest common factor of 28862 and 6354.
2
What is the highest common factor of 36 and 4144812?
12
What is the highest common factor of 32891932 and 53314?
2806
Calculate the highest common factor of 855 and 7220475.
855
Calculate the greatest common factor of 28 and 206628828.
28
What is the greatest common divisor of 28280 and 450460?
2020
Calculate the highest common factor of 126566388 and 40014.
2106
What is the highest common factor of 28 and 87332?
28
Calculate the greatest common divisor of 3625184 and 12.
4
What is the highest common divisor of 166273272 and 14304?
3576
Calculate the greatest common divisor of 3 and 7449684.
3
Calculate the highest common divisor of 652014 and 4218.
222
What is the greatest common divisor of 765 and 7154025?
255
Calculate the highest common divisor of 296234 and 3650.
146
Calculate the greatest common factor of 1026531 and 5841.
99
What is the highest common factor of 208 and 6290154?
26
What is the highest common factor of 51166776 and 6096?
3048
Calculate the highest common factor of 13296 and 486070736.
4432
Calculate the highest common factor of 7 and 61911472.
7
What is the highest common divisor of 350 and 6422066?
14
What is the highest common divisor of 1043 and 4803220471?
1043
Calculate the greatest common factor of 692577 and 1199043.
3051
What is the greatest common divisor of 51895 and 6098465?
535
Calculate the greatest common divisor of 30 and 37745358.
6
What is the highest common divisor of 224 and 70122192?
112
Calculate the greatest common divisor of 185 and 14655034.
37
Calculate the greatest common divisor of 3209532 and 748.
68
What is the highest common factor of 47112 and 24009?
453
What is the highest common divisor of 845344 and 656?
16
Calculate the greatest common factor of 408416 and 224.
32
What is the highest common factor of 180056 and 54102?
142
What is the greatest common divisor of 18497927 and 140?
7
What is the greatest common divisor of 640 and 275456?
128
What is the greatest common divisor of 1132384610 and 20?
10
Calculate the greatest common divisor of 108006 and 636546.
2298
Calculate the greatest common divisor of 246259554 and 6.
6
Calculate the highest common factor of 271054 and 1316.
14
Calculate the highest common divisor of 175813570 and 10.
10
What is the highest common divisor of 504762 and 60?
6
What is the greatest common factor of 914 and 73830178?
914
What is the greatest common divisor of 186665 and 370?
185
Calculate the highest common factor of 590 and 13634605.
295
What is the greatest common factor of 770 and 82870?
10
Calculate the highest common factor of 8 and 17311352.
8
What is the greatest common divisor of 20237430 and 10?
10
What is the highest common factor of 96632735 and 775?
155
What is the highest common factor of 75764 and 21106102?
2914
Calculate the highest common factor of 22764 and 433329.
813
Calculate the highest common factor of 676282718 and 188.
94
Calculate the highest common factor of 21181920 and 2880.
480
Calculate the highest common divisor of 7236 and 31089474.
3618
What is the highest common divisor of 5917232 and 64?
16
What is the greatest common factor of 1225 and 123655?
35
What is the highest common factor of 3830 and 5058?
2
Calculate the highest common divisor of 13209520 and 1141.
163
Calculate the greatest common factor of 6383 and 411762.
13
What is the greatest common divisor of 7892676 and 57684?
2508
What is the greatest common factor of 58727464 and 529?
529
Calculate the highest common divisor of 47275 and 7880975.
775
Calculate the greatest common factor of 68708 and 463200.
772
What is the highest common divisor of 423330 and 59534?
206
What is the greatest common divisor of 61564991 and 173?
173
Calculate the highest common divisor of 2873 and 197431.
13
Calculate the highest common factor of 230257814 and 24774.
8258
Calculate the greatest common factor of 45288 and 6968358.
666
What is the greatest common divisor of 121351227 and 564?
141
Calculate the highest common divisor of 219 and 3809067.
219
What is the greatest common factor of 51 and 260477247?
51
What is the greatest common divisor of 238671 and 37053?
207
What is the greatest common factor of 8063242 and 13530?
22
What is the highest common factor of 468 and 46159516?
52
What is the highest common divisor of 1575 and 88557?
21
Calculate the greatest common divisor of 174741096 and 34.
34
What is the highest common factor of 27 and 510050313?
9
What is the highest common divisor of 6447467 and 13?
13
Calculate the greatest common divisor of 36399027 and 12642.
903
What is the greatest common divisor of 5317 and 55341?
13
Calculate the greatest common divisor of 390888 and 60876.
3204
Calculate the highest common factor of 92578840 and 502.
502
What is the highest common factor of 884160 and 135?
45
Calculate the highest common factor of 6020 and 24561385.
215
Calculate the greatest common divisor of 33952 and 1411936.
32
Calculate the greatest common divisor of 4420 and 1411460.
20
Calculate the greatest common factor of 232 and 58304500.
116
What is the greatest common divisor of 45280950 and 1300?
650
Calculate the greatest common factor of 284 and 471284084.
284
What is the greatest common divisor of 112011 and 18?
3
What is the highest common factor of 20 and 481304?
4
What is the highest common divisor of 290 and 388390?
10
Calculate the greatest common divisor of 769913 and 7.
1
What is the highest common factor of 49407202 and 11934?
442
Calculate the highest common divisor of 304705 and 61090.
745
What is the highest common factor of 30291 and 33890361?
1317
Calculate the highest common factor of 89175 and 763625.
1025
Calculate the greatest common factor of 108332 and 11796316.
1484
Calculate the highest common divisor of 7001425 and 206.
103
What is the greatest common factor of 88080170 and 2120?
530
Calculate the highest common factor of 343165917 and 3.
3
Calculate the greatest common factor of 14 and 2627618.
14
What is the highest common factor of 20512 and 317355254?
1282
Calculate the greatest common divisor of 1728117 and 27.
9
Calculate the highest common factor of 30646624 and 97536.
4064
What is the highest common divisor of 37922845 and 110?
5
What is the greatest common factor of 3922585 and 465?
155
What is the highest common divisor of 57586 and 31?
1
What is the highest common factor of 2156913 and 1254?
33
Calculate the highest common divisor of 31486 and 8554.
182
What is the greatest common divisor of 9408 and 13876212?
588
What is the highest common factor of 18 and 22932108?
18
Calculate the greatest common divisor of 50847544 and 176.
88
Calculate the highest common factor of 877766 and 4273783.
4261
Calculate the highest common factor of 314525907 and 279.
279
Calculate the highest common factor of 19092 and 4110774.
222
What is the greatest common divisor of 207693498 and 30984?
7746
What is the highest common divisor of 4189040 and 1280?
80
What is the greatest common diviso